atest common factor of l and 24.
8
Suppose -4*h + 5*l + 1044 = 0, -1288 = -6*h + h + 2*l. What is the highest common factor of h and 16?
16
Let v(b) = 51*b - 8. Let d be v(1). Calculate the highest common divisor of d and 559.
43
Let o = 132 - 122. What is the greatest common factor of o and 34?
2
Let t be 2/(7/(-3) + 3). Suppose t*x = -x + 980. What is the highest common divisor of x and 35?
35
Let c(d) be the third derivative of -d**6/120 - 13*d**5/60 + 7*d**4/12 + 5*d**3/6 + d**2. Let j be c(-14). Calculate the highest common divisor of 55 and j.
5
Suppose 5*h - 4*w - 4 - 17 = 0, 0 = -h - 2*w - 7. Let u be (-52)/(-4) + (1 - h). Let q be 7 - (13 - 4 - 119). Calculate the highest common divisor of q and u.
13
Suppose 0 = -5*z - 2*b - 25, -3*z + 0*z + 3*b = 36. Let q(x) = -3*x + 12. Let u be q(z). Suppose -9 = -6*m + u. Calculate the highest common factor of m and 49.
7
Let d = 963 - 933. Calculate the greatest common factor of d and 1290.
30
Let z(q) be the third derivative of q**5/60 + q**4/8 + 3*q**3/2 + 24*q**2. Let w be z(-5). Calculate the greatest common divisor of w and 76.
19
Suppose 3*i + 3 - 15 = 0. Let s(h) be the first derivative of 7*h**3/3 + h**2/2 - 6*h - 46. Let z be s(i). Calculate the highest common factor of 10 and z.
10
Suppose -2*s - 3*b = -s, 2*b - 7 = -3*s. Suppose -g + 29 = 2*i, -i + s*g = -2*g + 13. What is the highest common factor of 12 and i?
12
Let i(j) = 58*j**2 + j + 1. Let c be i(-1). Let v = c + -52. Calculate the greatest common factor of 12 and v.
6
Suppose 12*a - 295 = 473. Calculate the greatest common factor of a and 48.
16
Let c be 195/2*16/20. Suppose 3*l - 39*t + 38*t = 588, -4*l + 783 = -t. What is the greatest common factor of l and c?
39
Let j be -4 - (-11 - -2*(2 - 0)). Suppose -j*h + 81 = -243. Let p = 41 + -29. Calculate the greatest common divisor of h and p.
12
Let n be 18 - (-9 + 6) - -9. Let f = 2 - -3. What is the highest common divisor of n and f?
5
Let u be (-6)/21 + (-216)/(-21). Suppose 0 = 5*c + 22 - 272. What is the greatest common divisor of c and u?
10
Let a(b) = b**3 - 34*b**2 - 35*b + 121. Let z be a(35). What is the greatest common factor of z and 341?
11
Let k be -5 - (-12 - 3 - 6). Suppose h = -2*a + 40, 0 = -5*h - 3*a + 226 - 54. What is the highest common divisor of h and k?
16
Suppose 5*s - 3*s = 8, 4 = 4*l - 4*s. Suppose -l*i = 2*i - 119. Calculate the greatest common factor of i and 85.
17
Suppose -178 - 77 = -5*v. What is the greatest common factor of v and 459?
51
Let h = -204 - -294. Suppose a + 4*a = h. Let p be 73/7 - a/42. Calculate the greatest common divisor of p and 10.
10
Let s be (-233712)/(-1944) + (-4)/18. What is the highest common divisor of 130 and s?
10
Suppose 21*x = 594 - 510. What is the highest common divisor of 292 and x?
4
Let c(v) = v**2 - 4*v + 3. Let j be c(3). Let g = 48 + j. Suppose 2*w - 6 - 58 = 0. Calculate the highest common factor of g and w.
16
Let k = -7 - -15. Suppose -2*m = k, 3*v - 5*m - 37 - 10 = 0. What is the highest common factor of v and 99?
9
Let c(n) = 5*n - 48. Let o be c(10). Let r be (-5)/o*(-5 + (-45)/(-25)). What is the greatest common divisor of r and 40?
8
Let m(r) = -12 + 3 - 21*r - 4. Let b be m(-9). Calculate the greatest common divisor of b and 16.
16
Suppose -v - 182 = -5*i - 3*v, -i + 30 = 2*v. Let j = 33 - 14. Calculate the greatest common factor of i and j.
19
Let k = -1 + 8. Suppose 0 = m - 6 + k. Let o(s) = 31*s**2 + 2*s + 1. Let r be o(m). Calculate the greatest common factor of r and 12.
6
Let l(k) = 7*k + 40. Let q be l(-4). What is the highest common factor of 44 and q?
4
Suppose 2*y - 10*a + 8*a = 202, -5*y = a - 475. What is the greatest common divisor of y and 228?
12
Suppose 5*a - 131 = -2*x, 10 = 5*x - 10*x. Calculate the greatest common divisor of 153 and a.
9
Let h(a) = 15*a**2 + 26*a + 48. Let n be h(-10). Calculate the greatest common divisor of 56 and n.
56
Suppose -3*c - 22 = -m, -2*m + 4*c - c + 38 = 0. Suppose 1 = -y + m. Suppose k + y = 2*k. Calculate the highest common divisor of 120 and k.
15
Let y = -248 + 492. Suppose -261 = -10*d + 374 - 25. What is the highest common divisor of y and d?
61
Let s = 99 - -9. Suppose 2*p - 7 = 11. Suppose -w + 5*j + 27 = 0, 0*j = -2*w - 5*j + p. What is the greatest common factor of s and w?
12
Let n = -2357 + 2405. Calculate the highest common divisor of 264 and n.
24
Suppose 22 = 3*p + 7. Suppose -2*f + 4*g = 26, 11 = -4*f + p*g - 29. Let j be 3/15 - 599/f. Calculate the greatest common factor of j and 15.
15
Let y(c) = c + 520. Let n be y(0). Suppose 20*u = 24*u - n. Calculate the greatest common factor of u and 10.
10
Suppose 0 = 7*d - 14*d + 21. Suppose -3*a + 2*h + 18 = 0, -4*h + 9*h = d*a - 27. What is the highest common factor of 18 and a?
2
Let r(s) = -5*s**2 + 10*s + 7. Let l be r(5). Let b = l - -79. Calculate the greatest common factor of 22 and b.
11
Suppose -11*h + 15 = -10*h. Suppose -5*k = -5*u - 180, 2*k = -4*u + 46 + 50. Calculate the highest common factor of h and k.
5
Suppose 2*w + 12 - 60 = 0. Suppose -4*x - 4*q = -744, 3*x - 53*q = -52*q + 582. Calculate the greatest common divisor of w and x.
24
Let l(d) = -300*d - 32. Let k be l(-2). What is the greatest common divisor of 71 and k?
71
Suppose l + 4*a + 6 = 0, 12 = 4*a - 8*a. Let d = -9 + l. Let m(f) = f**2 + 2*f - 1. Let x be m(d). Calculate the greatest common divisor of 18 and x.
2
Suppose 5*y - 16 - 5 = -4*q, -17 = -3*q - 5*y. Calculate the greatest common factor of 76 and q.
4
Suppose 0 = -134*f + 140*f - 36. Calculate the highest common divisor of f and 8.
2
Suppose 10*d - 61 = 29. Let q(a) = 11*a**2 - 4*a. Let l be q(2). Calculate the greatest common divisor of l and d.
9
Suppose -15*u - 159 = -20*u - m, 0 = 4*u + 2*m - 126. What is the greatest common divisor of u and 160?
32
Suppose 4*q + q = 25. Let h(t) = 10*t**3 + 6 + 4*t**2 - 14 - 4*t**3 - q*t**3 - 9*t. Let z be h(-5). What is the greatest common divisor of z and 24?
12
Let c(j) = -3*j + 2. Let o be c(-1). Suppose -17 = -3*p - 155. Let u = -26 - p. Calculate the highest common factor of o and u.
5
Let o be (-10)/(-25) + ((-26)/(-10) - 2). Let i be o + 1/4*0 + 1. Suppose 4*k = -2*k + 36. What is the greatest common factor of k and i?
2
Suppose -4*q = -7*q + 84. Let d = 15 + -8. What is the highest common divisor of q and d?
7
Suppose -181 = -5*f + k + 64, 0 = 5*f - 4*k - 245. Let r = 633 + -535. What is the highest common divisor of r and f?
49
Suppose 2*d = 24 + 68. Suppose 0 = -16*h + 14*h + d. Suppose 0 = -5*c + 68 + 162. What is the highest common factor of h and c?
23
Suppose -4*o = -2*i - 3*i + 1121, 0 = -i + o + 225. What is the highest common factor of i and 68?
17
Let v(q) = 7*q - 7. Let d be v(2). Suppose -4*p + d*p - 891 = 0. Calculate the greatest common factor of p and 33.
33
Let j = 31 - 36. Let b = -1 - j. Suppose b - 3 = v. What is the greatest common factor of 4 and v?
1
Let k = 390 + -383. Calculate the greatest common divisor of 161 and k.
7
Let d be (2 - (-1450)/8) + (-3)/12. Let i = 363 - d. What is the highest common divisor of i and 20?
20
Suppose 7*a = 6*a + 14. Let m(u) = -3*u**3 + 37*u**2 - 10*u - 10. Let d be m(12). What is the greatest common factor of d and a?
14
Suppose -8*x = -11*x - 2*f + 142, -5*x - f + 239 = 0. What is the greatest common factor of x and 216?
24
Let c(x) = x**3 - 6*x**2 + 9*x - 14. Let f be c(5). What is the greatest common factor of f and 134?
2
Suppose -5*r - 6 = 4*u - 14, -1 = -r - u. Suppose r = -2*f + 3*f. What is the greatest common factor of f and 32?
4
Let n be 3 - (-5)/(15/72). Let z(k) = 27*k. Let i(o) = o + 6. Let v be i(-4). Let f be z(v). Calculate the greatest common divisor of f and n.
27
Suppose 66*a - 52*a - 280 = 0. Suppose -54 = -4*l + 66. Calculate the highest common divisor of a and l.
10
Suppose -3*z = -9, 3*z - 93 = -4*l + 276. What is the greatest common divisor of 612 and l?
18
Let k = 1061 - 721. What is the greatest common factor of 204 and k?
68
Let r(s) = -s**2 + 11*s + 7. Let w be r(7). Let k(z) = z**3 + 19*z**2 + 74*z - 17. Let h be k(-13). Calculate the greatest common divisor of w and h.
35
Let p(u) = -42*u + 678. Let h be p(14). Calculate the greatest common factor of h and 60.
30
Let g be ((-116)/174)/(1/705*-2). Calculate the greatest